{"id":324,"date":"2021-09-09T11:09:11","date_gmt":"2021-09-09T10:09:11","guid":{"rendered":"http:\/\/naki.prf.cuni.cz\/?page_id=324"},"modified":"2021-09-20T10:27:47","modified_gmt":"2021-09-20T09:27:47","slug":"mapy","status":"publish","type":"page","link":"https:\/\/naki.prf.cuni.cz\/?page_id=324","title":{"rendered":"Mapy"},"content":{"rendered":"<p>Specializovan\u00e9 mapy byly vytvo\u0159eny v\u00a0r\u00e1mci projektu Ministerstva kultury \u010cR NAKI II, k\u00f3d projektu DG18P02OVV064 Pr\u00e1vn\u00ed, historick\u00e9 a spole\u010denskov\u011bdn\u00ed aspekty nov\u00fdch a tradi\u010dn\u00edch men\u0161in v \u010cesk\u00e9 republice na l\u00e9ta 2018\u20132021.<\/p>\n<p>MAPOV\u00c1 DATAB\u00c1ZE K\u0158ES\u0164ANSK\u00ddCH KOMUNIT V\u00a0KORELACI S\u00a0\u010cESKOU REPUBLIKOU (SPECIALIZOVAN\u00c1 MAPA)<br \/>\nLibor Braven\u00fd, Noemi Braven\u00e1, Jan B. L\u00e1\u0161ek, David Ligu\u0161, V\u011bra Mil\u00e1\u010dkov\u00e1, Milan \u0160imek, Kamila Veverkov\u00e1<\/p>\n<p>&nbsp;<br \/>\n<iframe loading=\"lazy\" src=\"https:\/\/www.arcgis.com\/apps\/instant\/minimalist\/index.html?appid=acdb0b6715254dfb851cc38bf97093e0\" width=\"100%\" height=\"650\" frameborder=\"0\" style=\"border:0\" allowfullscreen>iFrames nejsou na t\u00e9to str\u00e1nce podporov\u00e1ny.<\/iframe><\/p>\n<p>&nbsp;<\/p>\n<p>ATLAS N\u00c1RODNOSTN\u00cdCH A N\u00c1BO\u017dENSK\u00ddCH MEN\u0160IN v \u010cesk\u00e9 republice<br \/>\nLubom\u00edr Hlavienka, Ond\u0159ej Kol\u00e1\u0159, Jan Kukl\u00edk a kol.<\/p>\n<a href=\"https:\/\/naki.prf.cuni.cz\/wp-content\/uploads\/2021\/09\/ATLAS_Cesko.pdf\" class=\"pdfemb-viewer\" style=\"\" data-width=\"max\" data-height=\"max\" data-toolbar=\"bottom\" data-toolbar-fixed=\"off\">ATLAS_Cesko<\/a>\n<p>&nbsp;<\/p>\n<p>ATLAS N\u00c1RODNOSTN\u00cdCH A N\u00c1BO\u017dENSK\u00ddCH MEN\u0160IN v \u010cesk\u00e9m Slezsku a na severn\u00ed Morav\u011b<br \/>\nDu\u0161an Jan\u00e1k, Lubom\u00edr Hlavienka, Ond\u0159ej Kol\u00e1\u0159 a kol.<\/p>\n<a href=\"https:\/\/naki.prf.cuni.cz\/wp-content\/uploads\/2021\/09\/ATLAS_Morava-Slezko.pdf\" class=\"pdfemb-viewer\" style=\"\" data-width=\"max\" data-height=\"max\" data-toolbar=\"bottom\" data-toolbar-fixed=\"off\">ATLAS_Morava-Slezko<\/a>\n","protected":false},"excerpt":{"rendered":"<p>Specializovan\u00e9 mapy byly vytvo\u0159eny v\u00a0r\u00e1mci projektu Ministerstva kultury \u010cR NAKI II, k\u00f3d projektu DG18P02OVV064 Pr\u00e1vn\u00ed, historick\u00e9 a spole\u010denskov\u011bdn\u00ed aspekty nov\u00fdch<\/p>\n","protected":false},"author":1,"featured_media":0,"parent":0,"menu_order":0,"comment_status":"closed","ping_status":"closed","template":"","meta":{"footnotes":""},"class_list":["post-324","page","type-page","status-publish","hentry"],"_links":{"self":[{"href":"https:\/\/naki.prf.cuni.cz\/index.php?rest_route=\/wp\/v2\/pages\/324","targetHints":{"allow":["GET"]}}],"collection":[{"href":"https:\/\/naki.prf.cuni.cz\/index.php?rest_route=\/wp\/v2\/pages"}],"about":[{"href":"https:\/\/naki.prf.cuni.cz\/index.php?rest_route=\/wp\/v2\/types\/page"}],"author":[{"embeddable":true,"href":"https:\/\/naki.prf.cuni.cz\/index.php?rest_route=\/wp\/v2\/users\/1"}],"replies":[{"embeddable":true,"href":"https:\/\/naki.prf.cuni.cz\/index.php?rest_route=%2Fwp%2Fv2%2Fcomments&post=324"}],"version-history":[{"count":11,"href":"https:\/\/naki.prf.cuni.cz\/index.php?rest_route=\/wp\/v2\/pages\/324\/revisions"}],"predecessor-version":[{"id":360,"href":"https:\/\/naki.prf.cuni.cz\/index.php?rest_route=\/wp\/v2\/pages\/324\/revisions\/360"}],"wp:attachment":[{"href":"https:\/\/naki.prf.cuni.cz\/index.php?rest_route=%2Fwp%2Fv2%2Fmedia&parent=324"}],"curies":[{"name":"wp","href":"https:\/\/api.w.org\/{rel}","templated":true}]}}

<p>Specializované mapy byly vytvořeny v rámci projektu Ministerstva kultury ČR NAKI II, kód projektu DG18P02OVV064 Právní, historické a společenskovědní aspekty nových a tradičních menšin v České republice na léta 2018–2021.</p>
<p>MAPOVÁ DATABÁZE KŘESŤANSKÝCH KOMUNIT V KORELACI S ČESKOU REPUBLIKOU (SPECIALIZOVANÁ MAPA)<br />
Libor Bravený, Noemi Bravená, Jan B. Lášek, David Liguš, Věra Miláčková, Milan Šimek, Kamila Veverková</p>
<p>&nbsp;<br />
<iframe loading="lazy" src="https://www.arcgis.com/apps/instant/minimalist/index.html?appid=acdb0b6715254dfb851cc38bf97093e0" width="100%" height="650" frameborder="0" style="border:0" allowfullscreen>iFrames nejsou na této stránce podporovány.</iframe></p>
<p>&nbsp;</p>
<p>ATLAS NÁRODNOSTNÍCH A NÁBOŽENSKÝCH MENŠIN v České republice<br />
Lubomír Hlavienka, Ondřej Kolář, Jan Kuklík a kol.</p>
<a href="https://naki.prf.cuni.cz/wp-content/uploads/2021/09/ATLAS_Cesko.pdf" class="pdfemb-viewer" style="" data-width="max" data-height="max" data-toolbar="bottom" data-toolbar-fixed="off">ATLAS_Cesko</a>
<p>&nbsp;</p>
<p>ATLAS NÁRODNOSTNÍCH A NÁBOŽENSKÝCH MENŠIN v Českém Slezsku a na severní Moravě<br />
Dušan Janák, Lubomír Hlavienka, Ondřej Kolář a kol.</p>
<a href="https://naki.prf.cuni.cz/wp-content/uploads/2021/09/ATLAS_Morava-Slezko.pdf" class="pdfemb-viewer" style="" data-width="max" data-height="max" data-toolbar="bottom" data-toolbar-fixed="off">ATLAS_Morava-Slezko</a>

<p>Specializované mapy byly vytvořeny v rámci projektu Ministerstva kultury ČR NAKI II, kód projektu DG18P02OVV064 Právní, historické a společenskovědní aspekty nových</p>
