{"id":16,"date":"2015-10-21T10:01:26","date_gmt":"2015-10-21T10:01:26","guid":{"rendered":"http:\/\/naki.prf.cuni.cz\/?page_id=16"},"modified":"2016-03-03T10:33:36","modified_gmt":"2016-03-03T09:33:36","slug":"cil-projektu","status":"publish","type":"page","link":"https:\/\/naki.prf.cuni.cz\/?page_id=16","title":{"rendered":"C\u00edl projektu"},"content":{"rendered":"<p style=\"text-align: justify;\">C\u00edl projektu vych\u00e1z\u00ed z priority 2.3 programu v\u011bnuj\u00edc\u00ed se kultu\u0159e a kulturn\u00edm tradic\u00edm n\u00e1rodnost\u00ed a men\u0161in v \u010cR. Nebude p\u0159ehl\u00e9dnut ani nejnov\u011bj\u0161\u00ed v\u00fdvoj a vznik nov\u00fdch men\u0161in p\u0159ist\u011bhovalectv\u00edm. Bude zkoum\u00e1n historick\u00fd v\u00fdvoj a sou\u010dasnost, se zam\u011b\u0159en\u00edm na pr\u00e1vn\u00ed aspekty p\u0159i d\u016frazu na sledov\u00e1n\u00ed region\u00e1ln\u00edch rozd\u00edl\u016f. V\u011bdeck\u00fd v\u00fdzkum v\u0161ak bude propojen s prax\u00ed a p\u0159edpokl\u00e1daj\u00ed se oboustrann\u00e9 toky informac\u00ed. Zapojen\u00ed odborn\u00edci i studenti (nej\u010dast\u011bji oboru pr\u00e1vo) toti\u017e nejen budou poskytovat informace p\u0159i p\u0159edn\u00e1\u0161k\u00e1ch i konkr\u00e9tn\u00ed pr\u00e1vn\u00ed pomoci z\u00e1jemc\u016fm (\u2013 tzv. Street Law), ale sou\u010dasn\u011b je z\u00edsk\u00e1vat p\u0159i diskus\u00edch ale i ve form\u011b jak\u00e9si protislu\u017eby za poskytnut\u00e9 pr\u00e1vn\u00ed rady. Z\u00e1sadn\u00ed roli hraje i vyu\u017e\u00edv\u00e1n\u00ed poznatk\u016f p\u0159i vzd\u011bl\u00e1v\u00e1n\u00ed a to nejen na vysok\u00fdch \u0161kol\u00e1ch, v r\u00e1mci b\u011b\u017en\u00e9ho \u010di celo\u017eivotn\u00edho studia \u010di kurz\u016f, ale i v dal\u0161\u00edch instituc\u00edch. D\u016fle\u017eit\u00e9 bude vytvo\u0159en\u00ed odborn\u00fdch metodik jak pro v\u00fduku men\u0161inov\u00e9 ot\u00e1zky, tak v \u010cR pon\u011bkud p\u0159ehl\u00ed\u017een\u00e9 Street Law, zejm\u00e9na pak p\u0159\u00edru\u010dek o pr\u00e1vech men\u0161in i mnohojazy\u010dn\u00e9 p\u0159ehledy o pr\u00e1vu v \u010cR pro men\u0161iny a p\u0159ist\u011bhovalce.<\/p>\n","protected":false},"excerpt":{"rendered":"<p>C\u00edl projektu vych\u00e1z\u00ed z priority 2.3 programu v\u011bnuj\u00edc\u00ed se kultu\u0159e a kulturn\u00edm tradic\u00edm n\u00e1rodnost\u00ed a men\u0161in v \u010cR. Nebude p\u0159ehl\u00e9dnut<\/p>\n","protected":false},"author":1,"featured_media":0,"parent":2,"menu_order":0,"comment_status":"closed","ping_status":"closed","template":"","meta":{"footnotes":""},"class_list":["post-16","page","type-page","status-publish","hentry"],"_links":{"self":[{"href":"https:\/\/naki.prf.cuni.cz\/index.php?rest_route=\/wp\/v2\/pages\/16","targetHints":{"allow":["GET"]}}],"collection":[{"href":"https:\/\/naki.prf.cuni.cz\/index.php?rest_route=\/wp\/v2\/pages"}],"about":[{"href":"https:\/\/naki.prf.cuni.cz\/index.php?rest_route=\/wp\/v2\/types\/page"}],"author":[{"embeddable":true,"href":"https:\/\/naki.prf.cuni.cz\/index.php?rest_route=\/wp\/v2\/users\/1"}],"replies":[{"embeddable":true,"href":"https:\/\/naki.prf.cuni.cz\/index.php?rest_route=%2Fwp%2Fv2%2Fcomments&post=16"}],"version-history":[{"count":2,"href":"https:\/\/naki.prf.cuni.cz\/index.php?rest_route=\/wp\/v2\/pages\/16\/revisions"}],"predecessor-version":[{"id":279,"href":"https:\/\/naki.prf.cuni.cz\/index.php?rest_route=\/wp\/v2\/pages\/16\/revisions\/279"}],"up":[{"embeddable":true,"href":"https:\/\/naki.prf.cuni.cz\/index.php?rest_route=\/wp\/v2\/pages\/2"}],"wp:attachment":[{"href":"https:\/\/naki.prf.cuni.cz\/index.php?rest_route=%2Fwp%2Fv2%2Fmedia&parent=16"}],"curies":[{"name":"wp","href":"https:\/\/api.w.org\/{rel}","templated":true}]}}

Cíl projektu

<p style="text-align: justify;">Cíl projektu vychází z priority 2.3 programu věnující se kultuře a kulturním tradicím národností a menšin v ČR. Nebude přehlédnut ani nejnovější vývoj a vznik nových menšin přistěhovalectvím. Bude zkoumán historický vývoj a současnost, se zaměřením na právní aspekty při důrazu na sledování regionálních rozdílů. Vědecký výzkum však bude propojen s praxí a předpokládají se oboustranné toky informací. Zapojení odborníci i studenti (nejčastěji oboru právo) totiž nejen budou poskytovat informace při přednáškách i konkrétní právní pomoci zájemcům (– tzv. Street Law), ale současně je získávat při diskusích ale i ve formě jakési protislužby za poskytnuté právní rady. Zásadní roli hraje i využívání poznatků při vzdělávání a to nejen na vysokých školách, v rámci běžného či celoživotního studia či kurzů, ale i v dalších institucích. Důležité bude vytvoření odborných metodik jak pro výuku menšinové otázky, tak v ČR poněkud přehlížené Street Law, zejména pak příruček o právech menšin i mnohojazyčné přehledy o právu v ČR pro menšiny a přistěhovalce.</p>

<p>Cíl projektu vychází z priority 2.3 programu věnující se kultuře a kulturním tradicím národností a menšin v ČR. Nebude přehlédnut</p>
